me factors of 1582?
2, 7, 113
List the prime factors of 10292.
2, 31, 83
List the prime factors of 9066.
2, 3, 1511
What are the prime factors of 2160?
2, 3, 5
List the prime factors of 1107.
3, 41
What are the prime factors of 50596?
2, 7, 13, 139
What are the prime factors of 7804?
2, 1951
List the prime factors of 22033.
11, 2003
What are the prime factors of 2780?
2, 5, 139
List the prime factors of 90431.
11, 8221
List the prime factors of 70868.
2, 7, 2531
What are the prime factors of 4061?
31, 131
What are the prime factors of 10285?
5, 11, 17
List the prime factors of 21248.
2, 83
List the prime factors of 3183.
3, 1061
List the prime factors of 2730.
2, 3, 5, 7, 13
List the prime factors of 28914.
2, 3, 61, 79
What are the prime factors of 1336?
2, 167
List the prime factors of 10063.
29, 347
List the prime factors of 29739.
3, 23, 431
What are the prime factors of 2647?
2647
List the prime factors of 3211.
13, 19
What are the prime factors of 3298?
2, 17, 97
What are the prime factors of 95?
5, 19
List the prime factors of 13830.
2, 3, 5, 461
List the prime factors of 1751.
17, 103
List the prime factors of 1721.
1721
What are the prime factors of 8033?
29, 277
List the prime factors of 43063.
43063
List the prime factors of 1451.
1451
What are the prime factors of 27986?
2, 7, 1999
What are the prime factors of 1349?
19, 71
List the prime factors of 32760.
2, 3, 5, 7, 13
What are the prime factors of 8656?
2, 541
What are the prime factors of 3524?
2, 881
List the prime factors of 96431.
96431
What are the prime factors of 11471?
11471
What are the prime factors of 6103?
17, 359
List the prime factors of 111752.
2, 61, 229
What are the prime factors of 79?
79
What are the prime factors of 2550?
2, 3, 5, 17
What are the prime factors of 3299?
3299
List the prime factors of 12648.
2, 3, 17, 31
List the prime factors of 15487.
17, 911
What are the prime factors of 2245?
5, 449
What are the prime factors of 499?
499
What are the prime factors of 881?
881
List the prime factors of 28783.
107, 269
List the prime factors of 29737.
131, 227
What are the prime factors of 18281?
101, 181
What are the prime factors of 787?
787
List the prime factors of 9574.
2, 4787
What are the prime factors of 1028?
2, 257
What are the prime factors of 177639?
3, 7, 11, 769
List the prime factors of 9386.
2, 13, 19
List the prime factors of 2567.
17, 151
List the prime factors of 25164.
2, 3, 233
List the prime factors of 9097.
11, 827
List the prime factors of 3656.
2, 457
List the prime factors of 2517.
3, 839
What are the prime factors of 1303?
1303
What are the prime factors of 42739?
79, 541
What are the prime factors of 396?
2, 3, 11
What are the prime factors of 275?
5, 11
What are the prime factors of 22310?
2, 5, 23, 97
What are the prime factors of 14770?
2, 5, 7, 211
What are the prime factors of 57193?
57193
List the prime factors of 71080.
2, 5, 1777
What are the prime factors of 2801?
2801
What are the prime factors of 27588?
2, 3, 11, 19
List the prime factors of 2637.
3, 293
What are the prime factors of 622?
2, 311
What are the prime factors of 3024?
2, 3, 7
What are the prime factors of 721?
7, 103
List the prime factors of 2666.
2, 31, 43
List the prime factors of 1663.
1663
List the prime factors of 172140.
2, 3, 5, 19, 151
What are the prime factors of 776?
2, 97
List the prime factors of 1889.
1889
What are the prime factors of 30982?
2, 7, 2213
What are the prime factors of 2015?
5, 13, 31
What are the prime factors of 64325?
5, 31, 83
What are the prime factors of 1209?
3, 13, 31
What are the prime factors of 777?
3, 7, 37
List the prime factors of 39521.
39521
List the prime factors of 153.
3, 17
What are the prime factors of 5912?
2, 739
What are the prime factors of 3662?
2, 1831
What are the prime factors of 19962?
2, 3, 1109
What are the prime factors of 41231?
41231
List the prime factors of 1731.
3, 577
What are the prime factors of 31466?
2, 15733
List the prime factors of 8148.
2, 3, 7, 97
What are the prime factors of 3114?
2, 3, 173
List the prime factors of 42094.
2, 13, 1619
List the prime factors of 904.
2, 113
What are the prime factors of 3549?
3, 7, 13
What are the prime factors of 8473?
37, 229
List the prime factors of 27975.
3, 5, 373
List the prime factors of 103.
103
List the prime factors of 25173.
3, 2797
List the prime factors of 12158.
2, 6079
What are the prime factors of 44569?
7, 6367
List the prime factors of 1901.
1901
What are the prime factors of 5171?
5171
List the prime factors of 324.
2, 3
List the prime factors of 922.
2, 461
What are the prime factors of 3023?
3023
What are the prime factors of 548?
2, 137
List the prime factors of 12609.
3, 467
What are the prime factors of 15810?
2, 3, 5, 17, 31
List the prime factors of 25687.
17, 1511
What are the prime factors of 4101?
3, 1367
What are the prime factors of 194?
2, 97
What are the prime factors of 2120?
2, 5, 53
List the prime factors of 3674.
2, 11, 167
What are the prime factors of 12514?
2, 6257
What are the prime factors of 6287?
6287
List the prime factors of 2575.
5, 103
What are the prime factors of 1746?
2, 3, 97
What are the prime factors of 2189?
11, 199
List the prime factors of 108.
2, 3
List the prime factors of 8129.
11, 739
List the prime factors of 1054.
2, 17, 31
What are the prime factors of 18730?
2, 5, 1873
What are the prime factors of 2745?
3, 5, 61
List the prime factors of 1351.
7, 193
List the prime factors of 47.
47
What are the prime factors of 1555?
5, 311
What are the prime factors of 20077?
17, 1181
What are the prime factors of 885?
3, 5, 59
What are the prime factors of 2242?
2, 19, 59
List the prime factors of 9046.
2, 4523
What are the prime factors of 25361?
7, 3623
What are the prime factors of 14137?
67, 211
List the prime factors of 1217.
1217
List the prime factors of 6938.
2, 3469
List the prime factors of 7504.
2, 7, 67
What are the prime factors of 7710?
2, 3, 5, 257
What are the prime factors of 19968?
2, 3, 13
List the prime factors of 78837.
3, 11, 2389
What are the prime factors of 28320?
2, 3, 5, 59
List the prime factors of 10751.
13, 827
List the prime factors of 5650.
2, 5, 113
List the prime factors of 10425.
3, 5, 139
What are the prime factors of 879?
3, 293
What are the prime factors of 882?
2, 3, 7
List the prime factors of 4.
2
List the prime factors of 75615.
3, 5, 71
What are the prime factors of 13850?
2, 5, 277
What are the prime factors of 38042?
2, 23, 827
List the prime factors of 3542.
2, 7, 11, 23
What are the prime factors of 17933?
79, 227
What are the prime factors of 2046?
2, 3, 11, 31
List the prime factors of 33.
3, 11
What are the prime factors of 2871?
3, 11, 29
What are the prime factors of 2406?
2, 3, 401
List the prime factors of 936.
2, 3, 13
What are the prime factors of 1180?
2, 5, 59
List the prime factors of 1387.
19, 73
What are the prime factors of 21074?
2, 41, 257
List the prime factors of 2976.
2, 3, 31
List the prime factors of 568.
2, 71
What are the prime factors of 726?
2, 3, 11
What are the prime factors of 7354?
2, 3677
What are the prime factors of 20842?
2, 17, 613
What are the prime factors of 101665?
5, 20333
List the prime factors of 23288.
2, 41, 71
What are the prime factors of 141?
3, 47
What are the prime factors of 21940?
2, 5, 1097
List the prime factors of 2208.
2, 3, 23
List the prime factors of 4482.
2, 3, 83
What are the prime factors of 5356?
2, 13, 103
What are the prime factors of 210?
2, 3, 5, 7
List the prime factors of 60556.
2, 15139
What are the prime factors of 15448?
2, 1931
What are the prime factors of 54620?
2, 5, 2731
List the prime factors of 1421.
7, 29
List the prime factors of 1415.
5, 283
What are the prime factors of 3425?
5, 137
What are the prime factors of 8052?
2, 3, 11, 61
List the prime factors of 45767.
45767
List the prime factors of 5596.
2, 1399
What are the prime factors of 1367?
1367
List the prime factors of 846.
2, 3, 47
List the prime factors of 31254.
2, 3, 5209
List the prime factors of 4922.
2, 23, 107
List the prime factors of 2247.
3, 7, 107
What are the prime factors of 87110?
2, 5, 31, 281
What are the prime factors of 112054?
2, 179, 313
List the prime factors of 6953.
17, 409
What are the 